{"id":1874,"date":"2023-11-08T15:37:09","date_gmt":"2023-11-08T14:37:09","guid":{"rendered":"https:\/\/www.autoskolakristan.cz\/?page_id=1874"},"modified":"2023-11-08T15:38:03","modified_gmt":"2023-11-08T14:38:03","slug":"l17-banner","status":"publish","type":"page","link":"https:\/\/www.autoskolakristan.cz\/cz\/l17-banner\/","title":{"rendered":"L17 banner"},"content":{"rendered":"\n\n\t\t\t\t\t\t\t\t\t<img decoding=\"async\" src=\"http:\/\/www.autoskolakristan.cz\/wp-content\/uploads\/2021\/01\/kristan_logo_header.png\" alt=\"kristan_logo_header\" itemprop=\"image\" srcset=\"https:\/\/www.autoskolakristan.cz\/wp-content\/uploads\/2021\/01\/kristan_logo_header.png 280w, https:\/\/www.autoskolakristan.cz\/wp-content\/uploads\/2021\/01\/kristan_logo_header-150x150.png 150w, https:\/\/www.autoskolakristan.cz\/wp-content\/uploads\/2021\/01\/kristan_logo_header-12x12.png 12w\" sizes=\"(max-width: 280px) 100vw, 280px\" title=\"kristan_logo_header\" onerror=\"this.style.display='none'\"  \/>\n<h1>\n\t\tNOV\u011a \u0158IDI\u010c\u00c1K JI\u017d OD 17 LET!\n\t<\/h1>\n\t<p>Od ledna 2024 m\u016f\u017eete slo\u017eit z\u00e1v\u011bre\u010dnou zkou\u0161ku a z\u00edskat \u0159idi\u010dsk\u00e9 opr\u00e1vn\u011bn\u00ed ode dne dovr\u0161en\u00ed 17. roku v tzv. re\u017eimu L17. V\u00fdcvik prob\u00edh\u00e1 ve stejn\u00e9 podob\u011b a cen\u011b jako klasick\u00fd v\u00fdcvik pro skupinu B &#8211; osobn\u00ed automobil.<\/p>\n<p><strong>P\u0159ihlaste se na v\u00fdcvik je\u0161t\u011b dnes!<\/strong><\/p>\n<p>&nbsp;<\/p>\n<p>\u0158idi\u010di ve v\u011bku do 18 let mohou jezdit pouze pod dohledem mentora &#8211; zku\u0161en\u00e9ho \u0159idi\u010de.<\/p>\n<p>P\u0159ipravujeme standardizovan\u00e9 \u0161kolen\u00ed i individu\u00e1ln\u00ed v\u00fdcvik mentor\u016f. Zavolejte n\u00e1m a domluv\u00edme se na term\u00ednu.<\/p>\n\t\t\t\t\t\t\t\t<a href=\"\/ridicsky-prukaz\/#cenik\" target=\"_self\" itemprop=\"url\" rel=\"noopener\">\n\t\t\t\t\t\t\t\t\t<img decoding=\"async\" src=\"http:\/\/www.autoskolakristan.cz\/wp-content\/uploads\/2023\/11\/l17.png\" alt=\"l17\" itemprop=\"image\" srcset=\"https:\/\/www.autoskolakristan.cz\/wp-content\/uploads\/2023\/11\/l17.png 495w, https:\/\/www.autoskolakristan.cz\/wp-content\/uploads\/2023\/11\/l17-300x300.png 300w, https:\/\/www.autoskolakristan.cz\/wp-content\/uploads\/2023\/11\/l17-150x150.png 150w, https:\/\/www.autoskolakristan.cz\/wp-content\/uploads\/2023\/11\/l17-12x12.png 12w\" sizes=\"(max-width: 495px) 100vw, 495px\" title=\"l17\" onerror=\"this.style.display='none'\"  \/>\n\t\t\t\t\t\t\t\t\t\t\t\t\t<\/a>\n\t<a href=\"https:\/\/www.autoskolakristan.cz\/cz\/praha\/darovat-autoskolu\/\" target=\"_self\" role=\"button\" aria-label=\"OSOBN\u00cd AUTOMOBIL\" rel=\"noopener\">\n\t\t\t\t\t\tOSOBN\u00cd AUTOMOBIL\n\t\t\t\t\t<\/a>\n\t<a href=\"https:\/\/www.autoskolakristan.cz\/cz\/praha\/online-prihlaska\/\" target=\"_self\" role=\"button\" aria-label=\"OBJEDNAT\" rel=\"noopener\">\n\t\t\t\t\t\tOBJEDNAT\n\t\t\t\t\t<\/a>\n\n","protected":false},"excerpt":{"rendered":"<p>NOV\u011a \u0158IDI\u010c\u00c1K JI\u017d OD 17 LET! Od ledna 2024 m\u016f\u017eete slo\u017eit z\u00e1v\u011bre\u010dnou zkou\u0161ku a z\u00edskat \u0159idi\u010dsk\u00e9 opr\u00e1vn\u011bn\u00ed ode dne dovr\u0161en\u00ed 17. roku v tzv. re\u017eimu L17. V\u00fdcvik prob\u00edh\u00e1 ve stejn\u00e9 podob\u011b a cen\u011b jako klasick\u00fd v\u00fdcvik pro skupinu B &#8211; osobn\u00ed automobil. P\u0159ihlaste se na v\u00fdcvik je\u0161t\u011b dnes! &nbsp; \u0158idi\u010di ve v\u011bku do 18 let&hellip;<\/p>\n","protected":false},"author":3,"featured_media":0,"parent":0,"menu_order":0,"comment_status":"closed","ping_status":"closed","template":"tpl-no-header-footer.php","meta":{"footnotes":""},"class_list":["post-1874","page","type-page","status-publish","hentry"],"_links":{"self":[{"href":"https:\/\/www.autoskolakristan.cz\/cz\/wp-json\/wp\/v2\/pages\/1874","targetHints":{"allow":["GET"]}}],"collection":[{"href":"https:\/\/www.autoskolakristan.cz\/cz\/wp-json\/wp\/v2\/pages"}],"about":[{"href":"https:\/\/www.autoskolakristan.cz\/cz\/wp-json\/wp\/v2\/types\/page"}],"author":[{"embeddable":true,"href":"https:\/\/www.autoskolakristan.cz\/cz\/wp-json\/wp\/v2\/users\/3"}],"replies":[{"embeddable":true,"href":"https:\/\/www.autoskolakristan.cz\/cz\/wp-json\/wp\/v2\/comments?post=1874"}],"version-history":[{"count":2,"href":"https:\/\/www.autoskolakristan.cz\/cz\/wp-json\/wp\/v2\/pages\/1874\/revisions"}],"predecessor-version":[{"id":1876,"href":"https:\/\/www.autoskolakristan.cz\/cz\/wp-json\/wp\/v2\/pages\/1874\/revisions\/1876"}],"wp:attachment":[{"href":"https:\/\/www.autoskolakristan.cz\/cz\/wp-json\/wp\/v2\/media?parent=1874"}],"curies":[{"name":"wp","href":"https:\/\/api.w.org\/{rel}","templated":true}]}}

<img decoding="async" src="http://www.autoskolakristan.cz/wp-content/uploads/2021/01/kristan_logo_header.png" alt="kristan_logo_header" itemprop="image" srcset="https://www.autoskolakristan.cz/wp-content/uploads/2021/01/kristan_logo_header.png 280w, https://www.autoskolakristan.cz/wp-content/uploads/2021/01/kristan_logo_header-150x150.png 150w, https://www.autoskolakristan.cz/wp-content/uploads/2021/01/kristan_logo_header-12x12.png 12w" sizes="(max-width: 280px) 100vw, 280px" title="kristan_logo_header" onerror="this.style.display='none'"  />
<h1>
		NOVĚ ŘIDIČÁK JIŽ OD 17 LET!
	</h1>
	<p>Od ledna 2024 můžete složit závěrečnou zkoušku a získat řidičské oprávnění ode dne dovršení 17. roku v tzv. režimu L17. Výcvik probíhá ve stejné podobě a ceně jako klasický výcvik pro skupinu B &#8211; osobní automobil.</p>
<p><strong>Přihlaste se na výcvik ještě dnes!</strong></p>
<p>&nbsp;</p>
<p>Řidiči ve věku do 18 let mohou jezdit pouze pod dohledem mentora &#8211; zkušeného řidiče.</p>
<p>Připravujeme standardizované školení i individuální výcvik mentorů. Zavolejte nám a domluvíme se na termínu.</p>
								<a href="/ridicsky-prukaz/#cenik" target="_self" itemprop="url" rel="noopener">
									<img decoding="async" src="http://www.autoskolakristan.cz/wp-content/uploads/2023/11/l17.png" alt="l17" itemprop="image" srcset="https://www.autoskolakristan.cz/wp-content/uploads/2023/11/l17.png 495w, https://www.autoskolakristan.cz/wp-content/uploads/2023/11/l17-300x300.png 300w, https://www.autoskolakristan.cz/wp-content/uploads/2023/11/l17-150x150.png 150w, https://www.autoskolakristan.cz/wp-content/uploads/2023/11/l17-12x12.png 12w" sizes="(max-width: 495px) 100vw, 495px" title="l17" onerror="this.style.display='none'"  />
													</a>
	<a href="https://www.autoskolakristan.cz/cz/praha/darovat-autoskolu/" target="_self" role="button" aria-label="OSOBNÍ AUTOMOBIL" rel="noopener">
						OSOBNÍ AUTOMOBIL
					</a>
	<a href="https://www.autoskolakristan.cz/cz/praha/online-prihlaska/" target="_self" role="button" aria-label="OBJEDNAT" rel="noopener">
						OBJEDNAT
					</a>

<p>NOVĚ ŘIDIČÁK JIŽ OD 17 LET! Od ledna 2024 můžete složit závěrečnou zkoušku a získat řidičské oprávnění ode dne dovršení 17. roku v tzv. režimu L17. Výcvik probíhá ve stejné podobě a ceně jako klasický výcvik pro skupinu B &#8211; osobní automobil. Přihlaste se na výcvik ještě dnes! &nbsp; Řidiči ve věku do 18 let&hellip;</p>
